(m) = -3 - m**2 + 35*m + 15 - 37*m - 4*m**3. Let j(b) = 2*n(b) + 11*y(b). Is j(-7) a prime number?
True
Let w(v) = -4*v**3 - v**2 - 2*v. Let u be w(-1). Suppose -u*y - 4 = -7*y. Suppose 5*d + 4*s - 203 = 0, -2*d + y*s = -0*s - 92. Is d a composite number?
False
Suppose k = -288 - 1793. Let d = k - -3648. Is d composite?
False
Suppose 59 = u - 29. Suppose 0 = -p + 323 - u. Is p a prime number?
False
Let j = -3246 - -13637. Is j prime?
True
Let x = 29 + -27. Suppose z = x*p + 34, -z + 176 = 4*z - 4*p. Suppose -s - z = -2*l - 2*l, -4*l + 5*s = -20. Is l a prime number?
False
Suppose 3*i + 3*q - 45582 = 0, -10777 - 4423 = -i - 3*q. Suppose -26*r + i = -15*r. Is r prime?
True
Let u(z) = -z**3 + 12*z**2 + 2*z - 14. Let r be u(12). Let f(x) = r + 1 - 3*x**3 - 11*x**2 + x**3 - 6*x. Is f(-10) composite?
False
Suppose -7 = 6*h - 1. Is h - 35/(-14)*1766 prime?
False
Let w(p) = 407*p - 388. Let x be w(1). Let m(z) = -z**2 + 36*z - 2. Let u(r) = -5*r**2 + 180*r - 9. Let s(h) = 11*m(h) - 2*u(h). Is s(x) prime?
False
Let c = 107 - 111. Is c - ((-71636)/(-10))/((-2)/5) a prime number?
False
Let o be (6/(-18))/((-1)/12). Suppose 0 = -n + 3*y + 1252, -5*n + 2058 + 4169 = -o*y. Is n a prime number?
False
Suppose 5*f - 66491 = -2*u, -3*u = -3*f + 2*u + 39876. Suppose 4*k - 2*v = 28164, 2*k + v - 777 = f. Is k composite?
False
Let q = 545 - 491. Suppose 0 = -55*d + q*d + 7817. Is d a prime number?
True
Suppose 21 + 51 = 3*o. Suppose 5*z + o = -5*m - 26, 0 = 3*m + 2*z + 32. Is (-21584)/m + 2/6 a composite number?
True
Suppose 22460 = -5*m + s + 4*s, 2*m - 3*s + 8979 = 0. Let k = -2318 - m. Is k prime?
True
Let h = -1038 - -1778. Suppose -3*s + h = -499. Is s composite?
True
Suppose x = 2*x + 4*w - 3316, 5*x - 16511 = 3*w. Let i = x - -1395. Is i a prime number?
False
Let h = -18450 + 32242. Let u = h + -3387. Is u a prime number?
False
Let t(l) = 2*l**3 + 69*l**2 - 43*l - 86. Let m be t(-35). Suppose -3*x + 124 + m = -f, 2*x - 3*f - 212 = 0. Is x composite?
True
Let q(a) = -4824*a**3 - a**2 + 13*a - 4. Let y(b) = 7236*b**3 + b**2 - 20*b + 6. Let d(u) = -8*q(u) - 5*y(u). Is d(1) a prime number?
False
Let d(i) = -32*i - 196*i - 267 - 170*i + 51*i - 297*i. Is d(-7) prime?
True
Let a(m) = 37*m**2 - 8*m - 14. Let t be a(-5). Let c = -502 + t. Is c a composite number?
False
Let r = -169735 + 339816. Is r a prime number?
True
Let o(v) = 6129*v**2 - 37*v - 35. Is o(-1) prime?
True
Suppose 3*y - 3 = -6*v + 2*v, v = 4*y + 15. Let q be (2*v/(-2))/((-21)/98). Suppose 20*z = q*z + 4110. Is z composite?
True
Let g(t) = -28*t + 140. Let o be g(5). Suppose -2*s - 2*i + 1050 = 0, o = -4*s + i - 3*i + 2092. Is s prime?
True
Let f be (58/(-8))/((-2)/8). Let s = f + -20. Suppose -s*o + 124 = -5*o. Is o a composite number?
False
Is ((-745214)/(-10))/((1421/435)/49) a composite number?
True
Suppose -22*r + 18*r = 235744. Is 5/4 + (r/(-32) - -4) a prime number?
True
Let j = 66 + -23. Let g = j + -38. Suppose g*w = 1310 - 225. Is w prime?
False
Suppose 2*z - 39*b - 83435 = -36*b, 83440 = 2*z + 2*b. Is z a prime number?
True
Let n(t) = -3*t**3 + t. Let k(s) = 22*s**3 + 4*s**2 + 10*s - 43. Let f(p) = k(p) + 6*n(p). Is f(4) prime?
False
Suppose -3*z + 330460 = b, -63*z + 550766 = -58*z + b. Is z prime?
False
Let m = 25 - 25. Suppose 0 = -3*r - 3*g + g - 4, -5*r - 5*g - 15 = m. Suppose r*i = -2*i + 2884. Is i a prime number?
False
Suppose 24325 - 2549 = 16*x. Is x a prime number?
True
Suppose -4*u + 204075 - 40246 = -18407. Is u a prime number?
False
Let r = -40 + 42. Is 13 + (-450560)/(-56) - r/(-7) a prime number?
True
Let x(b) = 37*b - 75*b - 60*b + 4 - 39*b. Is x(-17) a composite number?
False
Let m(h) = 143424*h + 83. Is m(7) a prime number?
False
Suppose c - 4*c = -4*z + 120, -z + 23 = c. Suppose -29*p = -z*p - 2982. Let m = 2732 - p. Is m a composite number?
True
Suppose 256*j - 22710227 = 34302765. Is j a prime number?
True
Let k(q) = 701*q**2 - 372*q**2 - 1 - 2 + 2. Is k(2) composite?
True
Let v(z) = z + 20. Let n be v(-4). Let k(h) = -h**2 + 22*h - 13. Is k(n) a prime number?
True
Let n(q) = 3*q - 29. Let c(y) = -11*y + 117. Let w(f) = 2*c(f) + 9*n(f). Let r be w(-11). Let v = r - -1253. Is v a composite number?
False
Let h = 34 - 32. Let d be (15/(-18))/(h/(-12)). Suppose 5*w - 1981 = f, 15 + d = 5*f. Is w prime?
True
Let j = -670 + 366. Let s = j + 602. Is s prime?
False
Suppose -18564*a = -18537*a - 55415043. Is a composite?
False
Let m = -44805 + 169664. Is m prime?
False
Let z(w) be the first derivative of 2*w**3/3 + 431*w - 115. Is z(0) a composite number?
False
Suppose -18*o - 541940 + 2209154 = 0. Is o a composite number?
False
Suppose -47*d - 17*d = -1010401 - 413407. Is d prime?
True
Let z = 1 + -107. Let j = 255 + z. Is j composite?
False
Suppose 0 = -11*q + 12*q - 10. Suppose -8*y - q = -42. Suppose -82 = -y*u - 3*a + 136, u - 55 = -a. Is u a prime number?
True
Is (-19803)/(-2) - (35/10 + -3) a composite number?
False
Suppose -115*p + 2560489 = -98*p. Is p a prime number?
True
Let u(l) be the third derivative of 13*l**7/1260 + l**6/240 + l**5/4 + 20*l**2. Let d(f) be the third derivative of u(f). Is d(8) prime?
True
Let a(k) = 6*k + 7. Let i be a(-2). Let w be (i - -1)/4 - -10367. Let b = w + -6125. Is b composite?
False
Suppose u = -22*u + 139955. Suppose -5*z - u = -5*s, -s - 2*z = 2*z - 1197. Is s composite?
False
Let y(q) = -11*q + 12. Let p be y(4). Let k be 2/8 + 0 - 14904/p. Let n = k - 201. Is n composite?
True
Let h(b) = 2*b + 12. Let a(o) = -6*o**3 + 2*o**2 - 2*o + 1. Let l be a(1). Let n be h(l). Suppose -1 - 5 = 3*v, -3*q - n*v = -2981. Is q composite?
True
Suppose 119*n - 395607 = 117*n + d, 0 = 2*n + 4*d - 395602. Is n composite?
False
Suppose -77705 = 32*v + 40407. Let c = 11333 + v. Is c a composite number?
True
Suppose 263*z - 125*z - 125*z = 423293. Is z a composite number?
False
Let q(m) = 23283*m**2 + 119*m + 237. Is q(-2) a composite number?
False
Let z(g) = 12*g**3 - 2*g**2 + 9*g - 7. Let f = 49 + -53. Let n be 2/8 - (0 - (-11)/f). Is z(n) a composite number?
True
Let i(x) = -4*x**3 + 22*x**2 + 6. Let u(p) = -p**3 + 2*p**2. Let y(g) = i(g) - 10*u(g). Is y(4) a composite number?
True
Is 16/4 + -8 - (-411551)/7 prime?
True
Let o(c) = -c**3 + 12*c**2 - c + 14. Let h be o(12). Suppose -f - 7 + h = 0. Let w(n) = -58*n + 9. Is w(f) prime?
False
Is (-6)/(-11) + 5864049/33 prime?
False
Let x(l) = -2*l + l**2 - 42*l**3 + 0*l - 2*l**2 - 5 - 24*l**3 - 5*l**3. Is x(-3) prime?
False
Suppose 3*a = -3*w + 2733, -921 = -a + 3*w - 6*w. Suppose 3*m = 0, -2*z - 2*m - a = -3430. Is z prime?
False
Let y(m) = m**3 - 15*m**2 + 12*m + 14. Let v be y(14). Let a be (12/(-8))/((v/15888)/7). Suppose 9*k + 3*k = a. Is k composite?
True
Suppose x + 2 = -3. Let v(d) = 439*d. Let z be v(x). Let i = -352 - z. Is i prime?
False
Let s(y) = -10*y - 4. Let m be s(-6). Suppose z = -z + m. Suppose 2*w - z = 2*r, -4*w - 2*r = r - 35. Is w a prime number?
True
Let z(k) = -k**3 - 9*k**2 + 13*k + 34. Let n be z(-10). Suppose -20 = n*q + q, 1741 = c - 5*q. Is c composite?
False
Is (-73)/((12/32)/(9*(-8)/96)) a prime number?
False
Suppose 7*i - 4 + 11 = 0. Let y be i/3 + 4136/6. Let c = y + -312. Is c a composite number?
True
Suppose -112 = 2*k + k - b, -5*k - 187 = -2*b. Let a = -35 - k. Is a + ((-5736)/32)/(2/(-8)) a composite number?
False
Let m = -102545 - -315214. Is m prime?
True
Suppose 2*u + 1558970 = 2*l, 2*l - 4*u - 2097315 + 538329 = 0. Is l prime?
True
Is -4*(-124715)/30*51/34 prime?
True
Suppose -30464 = -13*j - 4*j. Suppose -1492 - j = -2*b. Is b prime?
False
Let b(a) = a**3 + 7*a**2 - 2*a - 11. Let r be b(-7). Suppose r*v + 3*v = 22986. Is v/12 - 1/4 a composite number?
True
Suppose -2*t = -6*t - 28*t + 4867232. Is t a prime number?
False
Let d = 4 + -4. Suppose d = -3*z - 55 + 70. Suppose -2*t - 5038 = -4*t + 2*c, z*t = -3*c + 12611. Is t a prime number?
True
Suppose 3*s + 89*i - 1195783 = 87*i, -3*s - 5*i = -1195762. Is s prime?
False
Let x(m) = -3*m**2 + 23*m - 18. Let a(w) = -4*w**2 + 23*w - 17. Let l(y) = -2*a(y) + 3*x(y). Let j be l(15). Suppose -j*q + 564 = -96*q. Is q composite?
True
Suppose -17*h + 132885 = -522788. Suppose 4*p = l + h, -p - 528 = 3*l - 10180. Is p a composite number?
False
Suppose -23*g + 22*g + 5*v + 257381 = 0, -3*g + 2*v + 772143 = 0. Is g comp